
Let w(g) = -g**3 - g**2 + 5*g + 1. Calculate the remainder when 115 is divided by w(-4).
28
Suppose d - 2 = -0. Suppose 3*r + l - 5 = 0, -5*r - d*l + l = -11. Let i = r - 1. What is the remainder when 2 is divided by i?
0
Suppose 4*a = -3*m - 20 - 2, 2*m = -4*a - 20. Calculate the remainder when -3*(-4 + (-3 - m)) is divided by 4.
3
Suppose 3*x - 2 - 4 = 0. Suppose -9 = -i + 2*d - d, x*i = 4*d + 14. What is the remainder when -1*1/(-2) + (-729)/(-18) is divided by i?
8
Let g = 46 - 23. Let v = 5 - 22. Let q = 25 + v. What is the remainder when g is divided by q?
7
Let r = 1 - 1. Suppose -u = 2*j - 47 + 18, -j = -3*u - 18. Suppose r = n + z - j, -4*z = -n - n. Calculate the remainder when n is divided by 3.
1
Let c = 311 + -199. Let n = c - 73. Calculate the remainder when n is divided by 10.
9
Let l = -2 + 14. Suppose 0 = h + 2*h - l. Suppose 3*n + 17 = h*n. What is the remainder when 49 is divided by n?
15
Let x(o) = o**3 - o**2 - 4*o + 3. Calculate the remainder when 23 is divided by x(3).
5
Suppose 117 = -2*m - m. Calculate the remainder when (m/(-12))/(2/24) is divided by 21.
18
Calculate the remainder when 3 - 30/3*-4 is divided by 15.
13
Let p = -3 + 4. Let h(o) = 12*o**2 - 1. Calculate the remainder when (-189)/(-6) - 2/(-4) is divided by h(p).
10
Let m(k) = k**3 + 8*k**2 - k - 7. Let z be m(-8). Let f be (z/4)/((-5)/(-20)). What is the remainder when 9 is divided by (-2)/(2*f/(-5))?
4
Let c(z) = -z**3 - 5*z**2 + 11*z + 6. Calculate the remainder when 37 is divided by c(-7).
10
Suppose -3*i + 2*v - 48 = -482, 3*i + v - 440 = 0. Calculate the remainder when i is divided by 21.
20
Let a(c) be the first derivative of -c**4/4 + 3*c**3 - 4*c**2 + 15*c - 8. Calculate the remainder when a(7) is divided by 12.
9
Let n = 70 + -5. What is the remainder when n is divided by 34?
31
Suppose -152 - 188 = 4*x. Let n = -49 - x. Let j = -10 + n. Calculate the remainder when j is divided by 14.
12
Let p(b) = b**2 + 3*b - 7. Let f be p(6). Suppose -2*w = 3 - f. Let u = w + -15. What is the remainder when 12 is divided by u?
5
Let a = 3 + 4. Calculate the remainder when a is divided by 4.
3
Calculate the remainder when 52 is divided by 0 - 1*(-2 + -16).
16
Let x(g) = -2*g**3 - 3*g**2 + 4*g + 4. Let o = -88 - 46. Let q = -79 - o. What is the remainder when q is divided by x(-3)?
17
Suppose -g - 2*g + 50 = -4*o, -2*g + 2*o + 30 = 0. Suppose 0*u - g = 5*u. Calculate the remainder when u*(0 + 23/(-2)) is divided by 8.
7
Suppose 0 = -4*b - 0*b + 8. Suppose 0 = b*p - 7*p + 10. Calculate the remainder when 53 is divided by (-3)/(3/p) + 20.
17
Suppose -3*r - 4*y - 21 = 0, 0 = -y + 4*y - 9. Let t = r - -30. Calculate the remainder when 75 is divided by t.
18
Let x(s) = s**3 + 5*s**2 - s + 2. Calculate the remainder when x(-4) is divided by 140/(-12)*-1 + 1/3.
10
Let d(h) = -3*h**3 - 4*h**2 - 3*h - 1. Calculate the remainder when 24 is divided by d(-2).
11
Let b be 17/2 - 2/4. Let v = b + -5. Suppose -125*o = -119*o - 42. What is the remainder when o is divided by v?
1
Let l(r) = -17*r**3 - r**2 + r + 1. Let j be l(-1). Suppose j - 6 = i. What is the remainder when (6/9)/((-1)/(-42)) is divided by i?
8
Suppose -5*w - 7 = 3. Let c be (-1)/2*(-1 - 3). Let a = c - w. Calculate the remainder when 10 is divided by a.
2
Let o = 7 - -5. Let l(z) = -z**2 + 11*z - 8. Let f be (-1)/(-1)*(-24)/(-4). What is the remainder when l(f) is divided by o?
10
Suppose 23 + 85 = 4*s. Suppose 2 = -0*f + f. Suppose f*z = -5*w + 53, -3 = 5*z - w - 68. Calculate the remainder when s is divided by z.
13
Suppose 6*m + 2 - 26 = 0. What is the remainder when 7 is divided by m?
3
Suppose -4*l - 1 = -9. Suppose 0 = 5*x - 10. Suppose -x*u = 4*n - 8, 0*n + 9 = 5*u - n. What is the remainder when u is divided by l?
0
Suppose 4 = -2*y + 12. Suppose 0 = -2*f + y, -3*f - 2*f = 4*z - 82. Calculate the remainder when z is divided by 10.
8
Calculate the remainder when 107 - -2 - -1 - -1 is divided by 28.
27
Suppose -20 = -5*s - 5*t, -5*t = -4*s - 8 - 3. Suppose 3*o - 305 = -128. Calculate the remainder when o is divided by s/(-4) + (-324)/(-16).
19
Let p = -70 - -113. What is the remainder when p is divided by 23?
20
Let v be (-2 - -6)/1 + -16. Let r = 12 - v. What is the remainder when 47 is divided by r?
23
Suppose -2*h + 0*h = 0. Let j be (-8)/(-2) - (h - 0). Suppose v + 5*k + 2 = 0, j*v + k + 2*k = 43. Calculate the remainder when 37 is divided by v.
11
Suppose 4*j - 152 + 0 = 0. What is the remainder when j is divided by 10?
8
Suppose 5*n - 3 - 267 = 0. Let d = n - 29. Suppose -4*w - 5 = -d. What is the remainder when w is divided by 3?
2
Let q = 4 + 0. Let j(w) = -w - 4. Let l be j(-4). Suppose 4*b = -b + 4*k + 55, q*b - 5*k - 44 = l. What is the remainder when 32 is divided by b?
10
Let g(n) = -2*n**3 - 4*n**2 + 8*n + 14. What is the remainder when g(-4) is divided by 24?
22
Calculate the remainder when 2 - (-40 + (-2 + 5 - 5)) is divided by 23.
21
Suppose -336 = -9*r + 5*r. Calculate the remainder when r is divided by 44.
40
Suppose 0 = -3*r + 4*s + 123, 4*r = -0*r - 3*s + 164. Let k = 55 - 41. What is the remainder when r is divided by k?
13
Let w(b) = 11*b - 40. What is the remainder when w(7) is divided by 4?
1
Let l(j) = -11*j - 15*j**2 - j**3 - 4 + 3*j + 23*j**2. Calculate the remainder when l(6) is divided by 11.
9
Let x(h) = h**2 + 3*h + 44. Calculate the remainder when x(0) is divided by 16.
12
Let d(p) = p - 1. Let m be d(5). Suppose -5*k = a - m, -k - 121 = -4*a - 0*a. Calculate the remainder when a is divided by 10.
9
Suppose -3*k + 3 = -6*k. Let a = k + 9. Calculate the remainder when 22 - (0 + 0 + 0) is divided by a.
6
Let x = 2 - 3. Let a = x + 4. What is the remainder when -1 - 4*(1 - 3) is divided by a?
1
Let f be (12/(-10))/((-2)/5). Suppose f*g - 45 = -0*g. What is the remainder when 28 is divided by g?
13
Suppose -5*v + 7*v = -8. Let d(y) = -3*y + 5. What is the remainder when 65 is divided by d(v)?
14
Let g be (3 + 1)/((-14)/(-7)). Suppose 0 = -5*b - 5*c + 15, g*b + c - 14 = -4. What is the remainder when 27 is divided by b?
6
Let s = 45 - -3. Suppose 2*g - s = -2*g. What is the remainder when g is divided by 7?
5
Let c = -549 + 576. Calculate the remainder when (-2)/(-1*2)*105 is divided by c.
24
Suppose 0*p + 70 = 5*p. Let v = -9 + p. Suppose 4*r - 90 = -v*h, -4*h + 3*r = 50 - 153. What is the remainder when h is divided by 8?
6
Suppose -13*b = -56 + 4. Let m = -8 - -13. Calculate the remainder when m is divided by b.
1
Let c(o) = o**2 - 12*o - 7. What is the remainder when 39 is divided by c(14)?
18
Suppose y - 22 = -3*q, -1 = q - 2. Suppose -4*z + 151 = y. Suppose -5*m = -z - 2. Calculate the remainder when 12 is divided by m.
5
Let d(i) be the third derivative of -i**6/60 - i**5/30 - i**4/8 - i**3/6 - i**2. Let u(p) = 8*p - 2. Calculate the remainder when u(5) is divided by d(-2).
12
Suppose l = 6*l. What is the remainder when -1 + 8*1 + l is divided by -4 + 168/40 - 14/(-5)?
1
Suppose -5*u + 85 = -0*u. Let r = u - 12. Calculate the remainder when 2/r + 16/10 is divided by 2.
0
Let a(c) = c**3 + 4*c**2 - 6*c + 5. Suppose 0 = 2*d - 0 + 10. Calculate the remainder when 27 is divided by a(d).
7
Let k = 59 + -49. What is the remainder when 76 is divided by k?
6
Suppose 40 = 5*y - 2*x, 6*x = -4*y + x - 1. Suppose 17*t - 32 = 9*t. Calculate the remainder when y is divided by t.
2
Suppose 2*i + 17 = 3. Let v = i - -14. Calculate the remainder when 12 is divided by v.
5
Let g(m) = 3*m**3 - m**2 + 4*m - 2. What is the remainder when g(3) is divided by 17?
14
Let s(d) = -5*d**3 - 7*d**2 - 5*d + 2. Let q(k) = k**3 + k - 1. Let n(y) = -6*q(y) - s(y). Calculate the remainder when n(6) is divided by 18.
16
Let t be (-6)/(-10) + 336/(-35). What is the remainder when 51 is divided by (-3 + t)*(-6)/4?
15
Let s = 5 + 7. Let x(v) = 3*v**2 + 10*v + 13. Calculate the remainder when x(-4) is divided by s.
9
Let c(i) = 4*i**2 - i + 1. Let x be c(1). Suppose -3*g - 1 = -2*q - 0*g, -x*g + 4 = -2*q. Calculate the remainder when 22 is divided by q.
6
Let m(w) = -w**3 - 5*w**2 - 4*w - 3. Calculate the remainder when m(-5) is divided by 10.
7
Let v(c) = -c**2 + 19*c + 23. What is the remainder when v(20) is divided by 3?
0
Let b be (-7)/(-4 + 3 - 0). Let g = b + 16. Calculate the remainder when g